{"id":17720,"date":"2026-08-27T21:35:22","date_gmt":"2026-08-27T20:35:22","guid":{"rendered":"https:\/\/nublo.tv\/?post_type=nublo_evento&#038;p=17720"},"modified":"2026-08-27T21:35:22","modified_gmt":"2026-08-27T20:35:22","slug":"ix-jornadas-de-agroecologia-y-biodiversidad","status":"publish","type":"nublo_evento","link":"https:\/\/nublo.tv\/index.php\/nublo_evento\/ix-jornadas-de-agroecologia-y-biodiversidad\/","title":{"rendered":"IX Jornadas de Agroecolog\u00eda y Biodiversidad"},"content":{"rendered":"<p><strong>El Centro Cultural Guaires, en G\u00e1ldar, acoger\u00e1 el pr\u00f3ximo 25 de septiembre de 2026, a partir de las 08:00 horas, las IX Jornadas de Agroecolog\u00eda y Biodiversidad, el principal encuentro bianual del sector en las islas.<\/strong><\/p>\n<p>Organizado por el Gobierno de Canarias a trav\u00e9s del Instituto Canario de Calidad Agroalimentaria (ICCA), este foro re\u00fane a expertos, productores y consumidores con el objetivo de impulsar la producci\u00f3n ecol\u00f3gica, la soberan\u00eda alimentaria y la conservaci\u00f3n del territorio.<\/p>\n","protected":false},"excerpt":{"rendered":"<p>El Centro Cultural Guaires, en G\u00e1ldar, acoger\u00e1 el pr\u00f3ximo 25 de septiembre de 2026, a partir de las 08:00 horas, las IX Jornadas de Agroecolog\u00eda y Biodiversidad, el principal encuentro bianual del sector en las islas. Organizado por el Gobierno de Canarias a trav\u00e9s del Instituto Canario de Calidad Agroalimentaria (ICCA), este foro re\u00fane a [&hellip;]<\/p>\n","protected":false},"featured_media":0,"template":"","class_list":["post-17720","nublo_evento","type-nublo_evento","status-publish","hentry"],"_links":{"self":[{"href":"https:\/\/nublo.tv\/index.php\/wp-json\/wp\/v2\/nublo_evento\/17720","targetHints":{"allow":["GET"]}}],"collection":[{"href":"https:\/\/nublo.tv\/index.php\/wp-json\/wp\/v2\/nublo_evento"}],"about":[{"href":"https:\/\/nublo.tv\/index.php\/wp-json\/wp\/v2\/types\/nublo_evento"}],"wp:attachment":[{"href":"https:\/\/nublo.tv\/index.php\/wp-json\/wp\/v2\/media?parent=17720"}],"curies":[{"name":"wp","href":"https:\/\/api.w.org\/{rel}","templated":true}]}}

IX Jornadas de Agroecología y Biodiversidad

<p><strong>El Centro Cultural Guaires, en Gáldar, acogerá el próximo 25 de septiembre de 2026, a partir de las 08:00 horas, las IX Jornadas de Agroecología y Biodiversidad, el principal encuentro bianual del sector en las islas.</strong></p>
<p>Organizado por el Gobierno de Canarias a través del Instituto Canario de Calidad Agroalimentaria (ICCA), este foro reúne a expertos, productores y consumidores con el objetivo de impulsar la producción ecológica, la soberanía alimentaria y la conservación del territorio.</p>

<p>El Centro Cultural Guaires, en Gáldar, acogerá el próximo 25 de septiembre de 2026, a partir de las 08:00 horas, las IX Jornadas de Agroecología y Biodiversidad, el principal encuentro bianual del sector en las islas. Organizado por el Gobierno de Canarias a través del Instituto Canario de Calidad Agroalimentaria (ICCA), este foro reúne a [&hellip;]</p>
