{"id":17722,"date":"2026-08-27T21:35:22","date_gmt":"2026-08-27T20:35:22","guid":{"rendered":"https:\/\/nublo.tv\/?post_type=nublo_evento&#038;p=17722"},"modified":"2026-08-27T21:35:22","modified_gmt":"2026-08-27T20:35:22","slug":"foro-de-agricultura-de-cadena-ser-en-galdar","status":"publish","type":"nublo_evento","link":"https:\/\/nublo.tv\/index.php\/nublo_evento\/foro-de-agricultura-de-cadena-ser-en-galdar\/","title":{"rendered":"Foro de Agricultura de Cadena SER en G\u00e1ldar"},"content":{"rendered":"<p><strong>El Parque Cient\u00edfico Tecnol\u00f3gico acoge el Foro de Agricultura de la Cadena SER el pr\u00f3ximo 29 de septiembre de 2026, a partir de las 08:30 horas.<\/strong><\/p>\n<p>Este encuentro centrado en el sector agr\u00edcola cuenta con la organizaci\u00f3n del Ayuntamiento de G\u00e1ldar.<\/p>\n","protected":false},"excerpt":{"rendered":"<p>El Parque Cient\u00edfico Tecnol\u00f3gico acoge el Foro de Agricultura de la Cadena SER el pr\u00f3ximo 29 de septiembre de 2026, a partir de las 08:30 horas. Este encuentro centrado en el sector agr\u00edcola cuenta con la organizaci\u00f3n del Ayuntamiento de G\u00e1ldar.<\/p>\n","protected":false},"featured_media":0,"template":"","class_list":["post-17722","nublo_evento","type-nublo_evento","status-publish","hentry"],"_links":{"self":[{"href":"https:\/\/nublo.tv\/index.php\/wp-json\/wp\/v2\/nublo_evento\/17722","targetHints":{"allow":["GET"]}}],"collection":[{"href":"https:\/\/nublo.tv\/index.php\/wp-json\/wp\/v2\/nublo_evento"}],"about":[{"href":"https:\/\/nublo.tv\/index.php\/wp-json\/wp\/v2\/types\/nublo_evento"}],"wp:attachment":[{"href":"https:\/\/nublo.tv\/index.php\/wp-json\/wp\/v2\/media?parent=17722"}],"curies":[{"name":"wp","href":"https:\/\/api.w.org\/{rel}","templated":true}]}}

Foro de Agricultura de Cadena SER en Gáldar

<p><strong>El Parque Científico Tecnológico acoge el Foro de Agricultura de la Cadena SER el próximo 29 de septiembre de 2026, a partir de las 08:30 horas.</strong></p>
<p>Este encuentro centrado en el sector agrícola cuenta con la organización del Ayuntamiento de Gáldar.</p>

<p>El Parque Científico Tecnológico acoge el Foro de Agricultura de la Cadena SER el próximo 29 de septiembre de 2026, a partir de las 08:30 horas. Este encuentro centrado en el sector agrícola cuenta con la organización del Ayuntamiento de Gáldar.</p>
