{"id":17723,"date":"2026-08-27T22:39:57","date_gmt":"2026-08-27T21:39:57","guid":{"rendered":"https:\/\/nublo.tv\/?post_type=nublo_evento&#038;p=17723"},"modified":"2026-08-27T22:39:57","modified_gmt":"2026-08-27T21:39:57","slug":"jornadas-de-puertas-abiertas-con-artesania-musica-y-actividades-en-galdar","status":"publish","type":"nublo_evento","link":"https:\/\/nublo.tv\/index.php\/nublo_evento\/jornadas-de-puertas-abiertas-con-artesania-musica-y-actividades-en-galdar\/","title":{"rendered":"Jornadas de puertas abiertas con artesan\u00eda, m\u00fasica y actividades en G\u00e1ldar"},"content":{"rendered":"<p><strong>El s\u00e1bado 28 de noviembre de 2026, a partir de las 9:30 horas, la Plaza de Santiago de G\u00e1ldar acoger\u00e1 unas jornadas de puertas abiertas con feria de artesan\u00eda, actividades y actuaciones musicales.<\/strong><\/p>\n<p>Los vecinos y visitantes podr\u00e1n disfrutar de una ma\u00f1ana llena de cultura, m\u00fasica en directo y productos artesanales locales.<\/p>\n<p>Organizado por el Ayuntamiento de G\u00e1ldar, el evento busca dinamizar el centro hist\u00f3rico y dar a conocer el trabajo de los artesanos de la zona.<\/p>\n","protected":false},"excerpt":{"rendered":"<p>El s\u00e1bado 28 de noviembre de 2026, a partir de las 9:30 horas, la Plaza de Santiago de G\u00e1ldar acoger\u00e1 unas jornadas de puertas abiertas con feria de artesan\u00eda, actividades y actuaciones musicales. Los vecinos y visitantes podr\u00e1n disfrutar de una ma\u00f1ana llena de cultura, m\u00fasica en directo y productos artesanales locales. Organizado por el [&hellip;]<\/p>\n","protected":false},"featured_media":0,"template":"","class_list":["post-17723","nublo_evento","type-nublo_evento","status-publish","hentry"],"_links":{"self":[{"href":"https:\/\/nublo.tv\/index.php\/wp-json\/wp\/v2\/nublo_evento\/17723","targetHints":{"allow":["GET"]}}],"collection":[{"href":"https:\/\/nublo.tv\/index.php\/wp-json\/wp\/v2\/nublo_evento"}],"about":[{"href":"https:\/\/nublo.tv\/index.php\/wp-json\/wp\/v2\/types\/nublo_evento"}],"wp:attachment":[{"href":"https:\/\/nublo.tv\/index.php\/wp-json\/wp\/v2\/media?parent=17723"}],"curies":[{"name":"wp","href":"https:\/\/api.w.org\/{rel}","templated":true}]}}

Jornadas de puertas abiertas con artesanía, música y actividades en Gáldar

<p><strong>El sábado 28 de noviembre de 2026, a partir de las 9:30 horas, la Plaza de Santiago de Gáldar acogerá unas jornadas de puertas abiertas con feria de artesanía, actividades y actuaciones musicales.</strong></p>
<p>Los vecinos y visitantes podrán disfrutar de una mañana llena de cultura, música en directo y productos artesanales locales.</p>
<p>Organizado por el Ayuntamiento de Gáldar, el evento busca dinamizar el centro histórico y dar a conocer el trabajo de los artesanos de la zona.</p>

<p>El sábado 28 de noviembre de 2026, a partir de las 9:30 horas, la Plaza de Santiago de Gáldar acogerá unas jornadas de puertas abiertas con feria de artesanía, actividades y actuaciones musicales. Los vecinos y visitantes podrán disfrutar de una mañana llena de cultura, música en directo y productos artesanales locales. Organizado por el [&hellip;]</p>
