{"id":17724,"date":"2026-08-27T22:39:57","date_gmt":"2026-08-27T21:39:57","guid":{"rendered":"https:\/\/nublo.tv\/?post_type=nublo_evento&#038;p=17724"},"modified":"2026-08-27T22:39:57","modified_gmt":"2026-08-27T21:39:57","slug":"jornadas-solidarias-en-el-centro-cultural-guaires","status":"publish","type":"nublo_evento","link":"https:\/\/nublo.tv\/index.php\/nublo_evento\/jornadas-solidarias-en-el-centro-cultural-guaires\/","title":{"rendered":"Jornadas Solidarias en el Centro Cultural Guaires"},"content":{"rendered":"<p><strong>El mi\u00e9rcoles 18 de noviembre de 2026 a las 16:00 horas, el Centro Cultural Guaires acoger\u00e1 las Jornadas Solidarias organizadas por el Ayuntamiento de G\u00e1ldar.<\/strong><\/p>\n<p>Un evento para fomentar la participaci\u00f3n ciudadana en acciones solidarias y de apoyo a colectivos vulnerables.<\/p>\n<p>La entrada es libre y abierta a todo el p\u00fablico interesado en colaborar o conocer iniciativas sociales.<\/p>\n","protected":false},"excerpt":{"rendered":"<p>El mi\u00e9rcoles 18 de noviembre de 2026 a las 16:00 horas, el Centro Cultural Guaires acoger\u00e1 las Jornadas Solidarias organizadas por el Ayuntamiento de G\u00e1ldar. Un evento para fomentar la participaci\u00f3n ciudadana en acciones solidarias y de apoyo a colectivos vulnerables. La entrada es libre y abierta a todo el p\u00fablico interesado en colaborar o [&hellip;]<\/p>\n","protected":false},"featured_media":0,"template":"","class_list":["post-17724","nublo_evento","type-nublo_evento","status-publish","hentry"],"_links":{"self":[{"href":"https:\/\/nublo.tv\/index.php\/wp-json\/wp\/v2\/nublo_evento\/17724","targetHints":{"allow":["GET"]}}],"collection":[{"href":"https:\/\/nublo.tv\/index.php\/wp-json\/wp\/v2\/nublo_evento"}],"about":[{"href":"https:\/\/nublo.tv\/index.php\/wp-json\/wp\/v2\/types\/nublo_evento"}],"wp:attachment":[{"href":"https:\/\/nublo.tv\/index.php\/wp-json\/wp\/v2\/media?parent=17724"}],"curies":[{"name":"wp","href":"https:\/\/api.w.org\/{rel}","templated":true}]}}

<p><strong>El miércoles 18 de noviembre de 2026 a las 16:00 horas, el Centro Cultural Guaires acogerá las Jornadas Solidarias organizadas por el Ayuntamiento de Gáldar.</strong></p>
<p>Un evento para fomentar la participación ciudadana en acciones solidarias y de apoyo a colectivos vulnerables.</p>
<p>La entrada es libre y abierta a todo el público interesado en colaborar o conocer iniciativas sociales.</p>

<p>El miércoles 18 de noviembre de 2026 a las 16:00 horas, el Centro Cultural Guaires acogerá las Jornadas Solidarias organizadas por el Ayuntamiento de Gáldar. Un evento para fomentar la participación ciudadana en acciones solidarias y de apoyo a colectivos vulnerables. La entrada es libre y abierta a todo el público interesado en colaborar o [&hellip;]</p>
