{"id":17726,"date":"2026-08-27T21:35:22","date_gmt":"2026-08-27T20:35:22","guid":{"rendered":"https:\/\/nublo.tv\/?post_type=nublo_evento&#038;p=17726"},"modified":"2026-08-27T21:35:22","modified_gmt":"2026-08-27T20:35:22","slug":"presentacion-de-la-evaluacion-del-ii-plan-municipal-de-igualdad-de-galdar","status":"publish","type":"nublo_evento","link":"https:\/\/nublo.tv\/index.php\/nublo_evento\/presentacion-de-la-evaluacion-del-ii-plan-municipal-de-igualdad-de-galdar\/","title":{"rendered":"Presentaci\u00f3n de la evaluaci\u00f3n del II Plan Municipal de Igualdad de G\u00e1ldar"},"content":{"rendered":"<p><strong>La Sala S\u00e1bor acoger\u00e1 el pr\u00f3ximo 16 de septiembre de 2026, a las 11:00 horas, la presentaci\u00f3n de la evaluaci\u00f3n del II Plan Municipal de Igualdad de G\u00e1ldar.<\/strong><\/p>\n<p>El acto est\u00e1 organizado por el Ayuntamiento de G\u00e1ldar.<\/p>\n","protected":false},"excerpt":{"rendered":"<p>La Sala S\u00e1bor acoger\u00e1 el pr\u00f3ximo 16 de septiembre de 2026, a las 11:00 horas, la presentaci\u00f3n de la evaluaci\u00f3n del II Plan Municipal de Igualdad de G\u00e1ldar. El acto est\u00e1 organizado por el Ayuntamiento de G\u00e1ldar.<\/p>\n","protected":false},"featured_media":0,"template":"","class_list":["post-17726","nublo_evento","type-nublo_evento","status-publish","hentry"],"_links":{"self":[{"href":"https:\/\/nublo.tv\/index.php\/wp-json\/wp\/v2\/nublo_evento\/17726","targetHints":{"allow":["GET"]}}],"collection":[{"href":"https:\/\/nublo.tv\/index.php\/wp-json\/wp\/v2\/nublo_evento"}],"about":[{"href":"https:\/\/nublo.tv\/index.php\/wp-json\/wp\/v2\/types\/nublo_evento"}],"wp:attachment":[{"href":"https:\/\/nublo.tv\/index.php\/wp-json\/wp\/v2\/media?parent=17726"}],"curies":[{"name":"wp","href":"https:\/\/api.w.org\/{rel}","templated":true}]}}

Presentación de la evaluación del II Plan Municipal de Igualdad de Gáldar

<p><strong>La Sala Sábor acogerá el próximo 16 de septiembre de 2026, a las 11:00 horas, la presentación de la evaluación del II Plan Municipal de Igualdad de Gáldar.</strong></p>
<p>El acto está organizado por el Ayuntamiento de Gáldar.</p>

<p>La Sala Sábor acogerá el próximo 16 de septiembre de 2026, a las 11:00 horas, la presentación de la evaluación del II Plan Municipal de Igualdad de Gáldar. El acto está organizado por el Ayuntamiento de Gáldar.</p>
