{"id":17731,"date":"2026-08-27T21:35:22","date_gmt":"2026-08-27T20:35:22","guid":{"rendered":"https:\/\/nublo.tv\/?post_type=nublo_evento&#038;p=17731"},"modified":"2026-08-27T21:35:22","modified_gmt":"2026-08-27T20:35:22","slug":"xi-travesia-a-nado-sardina-de-galdar-memorial-felix-santiago-melian","status":"publish","type":"nublo_evento","link":"https:\/\/nublo.tv\/index.php\/nublo_evento\/xi-travesia-a-nado-sardina-de-galdar-memorial-felix-santiago-melian\/","title":{"rendered":"XI Traves\u00eda a nado Sardina de G\u00e1ldar &#8211; Memorial F\u00e9lix Santiago Meli\u00e1n"},"content":{"rendered":"<p><strong>La Playa de Sardina acoge el pr\u00f3ximo 6 de septiembre de 2026, a partir de las 10:00 horas, la XI Traves\u00eda a nado Sardina de G\u00e1ldar &#8211; Memorial F\u00e9lix Santiago Meli\u00e1n.<\/strong><\/p>\n<p>La competici\u00f3n, organizada por el Ayuntamiento de G\u00e1ldar, contar\u00e1 con tres distancias diferentes. Los participantes en los recorridos de 1.300 y 3.900 metros tomar\u00e1n la salida a las 11:30 horas, mientras que a las 12:00 horas ser\u00e1 el turno para quienes compitan en la modalidad de 2.600 metros.<\/p>\n","protected":false},"excerpt":{"rendered":"<p>La Playa de Sardina acoge el pr\u00f3ximo 6 de septiembre de 2026, a partir de las 10:00 horas, la XI Traves\u00eda a nado Sardina de G\u00e1ldar &#8211; Memorial F\u00e9lix Santiago Meli\u00e1n. La competici\u00f3n, organizada por el Ayuntamiento de G\u00e1ldar, contar\u00e1 con tres distancias diferentes. Los participantes en los recorridos de 1.300 y 3.900 metros tomar\u00e1n [&hellip;]<\/p>\n","protected":false},"featured_media":0,"template":"","class_list":["post-17731","nublo_evento","type-nublo_evento","status-publish","hentry"],"_links":{"self":[{"href":"https:\/\/nublo.tv\/index.php\/wp-json\/wp\/v2\/nublo_evento\/17731","targetHints":{"allow":["GET"]}}],"collection":[{"href":"https:\/\/nublo.tv\/index.php\/wp-json\/wp\/v2\/nublo_evento"}],"about":[{"href":"https:\/\/nublo.tv\/index.php\/wp-json\/wp\/v2\/types\/nublo_evento"}],"wp:attachment":[{"href":"https:\/\/nublo.tv\/index.php\/wp-json\/wp\/v2\/media?parent=17731"}],"curies":[{"name":"wp","href":"https:\/\/api.w.org\/{rel}","templated":true}]}}

XI Travesía a nado Sardina de Gáldar &#8211; Memorial Félix Santiago Melián

<p><strong>La Playa de Sardina acoge el próximo 6 de septiembre de 2026, a partir de las 10:00 horas, la XI Travesía a nado Sardina de Gáldar &#8211; Memorial Félix Santiago Melián.</strong></p>
<p>La competición, organizada por el Ayuntamiento de Gáldar, contará con tres distancias diferentes. Los participantes en los recorridos de 1.300 y 3.900 metros tomarán la salida a las 11:30 horas, mientras que a las 12:00 horas será el turno para quienes compitan en la modalidad de 2.600 metros.</p>

<p>La Playa de Sardina acoge el próximo 6 de septiembre de 2026, a partir de las 10:00 horas, la XI Travesía a nado Sardina de Gáldar &#8211; Memorial Félix Santiago Melián. La competición, organizada por el Ayuntamiento de Gáldar, contará con tres distancias diferentes. Los participantes en los recorridos de 1.300 y 3.900 metros tomarán [&hellip;]</p>
