{"id":17732,"date":"2026-08-27T22:39:57","date_gmt":"2026-08-27T21:39:57","guid":{"rendered":"https:\/\/nublo.tv\/?post_type=nublo_evento&#038;p=17732"},"modified":"2026-08-27T22:39:57","modified_gmt":"2026-08-27T21:39:57","slug":"inauguracion-de-la-feria-de-la-salud-en-galdar","status":"publish","type":"nublo_evento","link":"https:\/\/nublo.tv\/index.php\/nublo_evento\/inauguracion-de-la-feria-de-la-salud-en-galdar\/","title":{"rendered":"Inauguraci\u00f3n de la Feria de la Salud en G\u00e1ldar"},"content":{"rendered":"<p><strong>El jueves 12 de noviembre de 2026 a las 17:30 horas se inaugurar\u00e1 la Feria de la Salud en la plaza de Santiago de G\u00e1ldar.<\/strong><\/p>\n<p>Un evento organizado por el Ayuntamiento de G\u00e1ldar para promover h\u00e1bitos saludables y el bienestar de los vecinos.<\/p>\n<p>La feria contar\u00e1 con stands informativos, actividades y charlas relacionadas con la salud.<\/p>\n","protected":false},"excerpt":{"rendered":"<p>El jueves 12 de noviembre de 2026 a las 17:30 horas se inaugurar\u00e1 la Feria de la Salud en la plaza de Santiago de G\u00e1ldar. Un evento organizado por el Ayuntamiento de G\u00e1ldar para promover h\u00e1bitos saludables y el bienestar de los vecinos. La feria contar\u00e1 con stands informativos, actividades y charlas relacionadas con la [&hellip;]<\/p>\n","protected":false},"featured_media":0,"template":"","class_list":["post-17732","nublo_evento","type-nublo_evento","status-publish","hentry"],"_links":{"self":[{"href":"https:\/\/nublo.tv\/index.php\/wp-json\/wp\/v2\/nublo_evento\/17732","targetHints":{"allow":["GET"]}}],"collection":[{"href":"https:\/\/nublo.tv\/index.php\/wp-json\/wp\/v2\/nublo_evento"}],"about":[{"href":"https:\/\/nublo.tv\/index.php\/wp-json\/wp\/v2\/types\/nublo_evento"}],"wp:attachment":[{"href":"https:\/\/nublo.tv\/index.php\/wp-json\/wp\/v2\/media?parent=17732"}],"curies":[{"name":"wp","href":"https:\/\/api.w.org\/{rel}","templated":true}]}}

Inauguración de la Feria de la Salud en Gáldar

<p><strong>El jueves 12 de noviembre de 2026 a las 17:30 horas se inaugurará la Feria de la Salud en la plaza de Santiago de Gáldar.</strong></p>
<p>Un evento organizado por el Ayuntamiento de Gáldar para promover hábitos saludables y el bienestar de los vecinos.</p>
<p>La feria contará con stands informativos, actividades y charlas relacionadas con la salud.</p>

<p>El jueves 12 de noviembre de 2026 a las 17:30 horas se inaugurará la Feria de la Salud en la plaza de Santiago de Gáldar. Un evento organizado por el Ayuntamiento de Gáldar para promover hábitos saludables y el bienestar de los vecinos. La feria contará con stands informativos, actividades y charlas relacionadas con la [&hellip;]</p>
