{"id":17733,"date":"2026-08-27T21:35:22","date_gmt":"2026-08-27T20:35:22","guid":{"rendered":"https:\/\/nublo.tv\/?post_type=nublo_evento&#038;p=17733"},"modified":"2026-08-27T21:35:22","modified_gmt":"2026-08-27T20:35:22","slug":"eucaristia-procesion-y-embarcacion-de-los-santos-patronos-en-sardina","status":"publish","type":"nublo_evento","link":"https:\/\/nublo.tv\/index.php\/nublo_evento\/eucaristia-procesion-y-embarcacion-de-los-santos-patronos-en-sardina\/","title":{"rendered":"Eucarist\u00eda, procesi\u00f3n y embarcaci\u00f3n de los Santos Patronos en Sardina"},"content":{"rendered":"<p><strong>La Ermita de San Pedro Gonz\u00e1lez Telmo, en Sardina, acoge el 27 de septiembre de 2026, a partir de las 10:00 horas, la celebraci\u00f3n de la eucarist\u00eda, la procesi\u00f3n y la posterior embarcaci\u00f3n de los Santos Patronos.<\/strong><\/p>\n<p>Este acto emblem\u00e1tico de la localidad est\u00e1 organizado por el Ayuntamiento de G\u00e1ldar.<\/p>\n","protected":false},"excerpt":{"rendered":"<p>La Ermita de San Pedro Gonz\u00e1lez Telmo, en Sardina, acoge el 27 de septiembre de 2026, a partir de las 10:00 horas, la celebraci\u00f3n de la eucarist\u00eda, la procesi\u00f3n y la posterior embarcaci\u00f3n de los Santos Patronos. Este acto emblem\u00e1tico de la localidad est\u00e1 organizado por el Ayuntamiento de G\u00e1ldar.<\/p>\n","protected":false},"featured_media":0,"template":"","class_list":["post-17733","nublo_evento","type-nublo_evento","status-publish","hentry"],"_links":{"self":[{"href":"https:\/\/nublo.tv\/index.php\/wp-json\/wp\/v2\/nublo_evento\/17733","targetHints":{"allow":["GET"]}}],"collection":[{"href":"https:\/\/nublo.tv\/index.php\/wp-json\/wp\/v2\/nublo_evento"}],"about":[{"href":"https:\/\/nublo.tv\/index.php\/wp-json\/wp\/v2\/types\/nublo_evento"}],"wp:attachment":[{"href":"https:\/\/nublo.tv\/index.php\/wp-json\/wp\/v2\/media?parent=17733"}],"curies":[{"name":"wp","href":"https:\/\/api.w.org\/{rel}","templated":true}]}}

Eucaristía, procesión y embarcación de los Santos Patronos en Sardina

<p><strong>La Ermita de San Pedro González Telmo, en Sardina, acoge el 27 de septiembre de 2026, a partir de las 10:00 horas, la celebración de la eucaristía, la procesión y la posterior embarcación de los Santos Patronos.</strong></p>
<p>Este acto emblemático de la localidad está organizado por el Ayuntamiento de Gáldar.</p>

<p>La Ermita de San Pedro González Telmo, en Sardina, acoge el 27 de septiembre de 2026, a partir de las 10:00 horas, la celebración de la eucaristía, la procesión y la posterior embarcación de los Santos Patronos. Este acto emblemático de la localidad está organizado por el Ayuntamiento de Gáldar.</p>
