{"id":17734,"date":"2026-08-27T22:39:57","date_gmt":"2026-08-27T21:39:57","guid":{"rendered":"https:\/\/nublo.tv\/?post_type=nublo_evento&#038;p=17734"},"modified":"2026-08-27T22:39:57","modified_gmt":"2026-08-27T21:39:57","slug":"viii-encuentro-regional-de-islas-y-municipios-promotores-de-la-salud","status":"publish","type":"nublo_evento","link":"https:\/\/nublo.tv\/index.php\/nublo_evento\/viii-encuentro-regional-de-islas-y-municipios-promotores-de-la-salud\/","title":{"rendered":"VIII Encuentro Regional de Islas y Municipios Promotores de la Salud"},"content":{"rendered":"<p><strong>El VIII Encuentro Regional de Islas y Municipios Promotores de la Salud se celebrar\u00e1 el 12 de noviembre de 2026 a las 10:15 horas en el Centro Cultural Guaires de G\u00e1ldar.<\/strong><\/p>\n<p>Este evento re\u00fane a representantes de diferentes municipios y entidades para compartir experiencias y estrategias en la promoci\u00f3n de la salud p\u00fablica.<\/p>\n<p>Organizado por el Ayuntamiento de G\u00e1ldar, el encuentro busca fomentar la colaboraci\u00f3n entre instituciones y profesionales del sector.<\/p>\n","protected":false},"excerpt":{"rendered":"<p>El VIII Encuentro Regional de Islas y Municipios Promotores de la Salud se celebrar\u00e1 el 12 de noviembre de 2026 a las 10:15 horas en el Centro Cultural Guaires de G\u00e1ldar. Este evento re\u00fane a representantes de diferentes municipios y entidades para compartir experiencias y estrategias en la promoci\u00f3n de la salud p\u00fablica. Organizado por [&hellip;]<\/p>\n","protected":false},"featured_media":0,"template":"","class_list":["post-17734","nublo_evento","type-nublo_evento","status-publish","hentry"],"_links":{"self":[{"href":"https:\/\/nublo.tv\/index.php\/wp-json\/wp\/v2\/nublo_evento\/17734","targetHints":{"allow":["GET"]}}],"collection":[{"href":"https:\/\/nublo.tv\/index.php\/wp-json\/wp\/v2\/nublo_evento"}],"about":[{"href":"https:\/\/nublo.tv\/index.php\/wp-json\/wp\/v2\/types\/nublo_evento"}],"wp:attachment":[{"href":"https:\/\/nublo.tv\/index.php\/wp-json\/wp\/v2\/media?parent=17734"}],"curies":[{"name":"wp","href":"https:\/\/api.w.org\/{rel}","templated":true}]}}

<p><strong>El VIII Encuentro Regional de Islas y Municipios Promotores de la Salud se celebrará el 12 de noviembre de 2026 a las 10:15 horas en el Centro Cultural Guaires de Gáldar.</strong></p>
<p>Este evento reúne a representantes de diferentes municipios y entidades para compartir experiencias y estrategias en la promoción de la salud pública.</p>
<p>Organizado por el Ayuntamiento de Gáldar, el encuentro busca fomentar la colaboración entre instituciones y profesionales del sector.</p>

<p>El VIII Encuentro Regional de Islas y Municipios Promotores de la Salud se celebrará el 12 de noviembre de 2026 a las 10:15 horas en el Centro Cultural Guaires de Gáldar. Este evento reúne a representantes de diferentes municipios y entidades para compartir experiencias y estrategias en la promoción de la salud pública. Organizado por [&hellip;]</p>
