{"id":17736,"date":"2026-08-27T21:35:22","date_gmt":"2026-08-27T20:35:22","guid":{"rendered":"https:\/\/nublo.tv\/?post_type=nublo_evento&#038;p=17736"},"modified":"2026-08-27T21:35:22","modified_gmt":"2026-08-27T20:35:22","slug":"pregon-de-las-fiestas-de-sardina-a-cargo-de-eugenio-montesdeoca-armas","status":"publish","type":"nublo_evento","link":"https:\/\/nublo.tv\/index.php\/nublo_evento\/pregon-de-las-fiestas-de-sardina-a-cargo-de-eugenio-montesdeoca-armas\/","title":{"rendered":"Preg\u00f3n de las Fiestas de Sardina a cargo de Eugenio Montesdeoca Armas"},"content":{"rendered":"<p><strong>Las Fiestas de Sardina, en G\u00e1ldar, arrancan este viernes, 4 de septiembre, a las 19:00 horas con la lectura del preg\u00f3n a cargo de Eugenio Montesdeoca Armas.<\/strong><\/p>\n<p>Este acto institucional marcar\u00e1 el inicio oficial del calendario de festejos en el barrio, dando el pistoletazo de salida a las celebraciones con la intervenci\u00f3n del pregonero invitado.<\/p>\n","protected":false},"excerpt":{"rendered":"<p>Las Fiestas de Sardina, en G\u00e1ldar, arrancan este viernes, 4 de septiembre, a las 19:00 horas con la lectura del preg\u00f3n a cargo de Eugenio Montesdeoca Armas. Este acto institucional marcar\u00e1 el inicio oficial del calendario de festejos en el barrio, dando el pistoletazo de salida a las celebraciones con la intervenci\u00f3n del pregonero invitado.<\/p>\n","protected":false},"featured_media":0,"template":"","class_list":["post-17736","nublo_evento","type-nublo_evento","status-publish","hentry"],"_links":{"self":[{"href":"https:\/\/nublo.tv\/index.php\/wp-json\/wp\/v2\/nublo_evento\/17736","targetHints":{"allow":["GET"]}}],"collection":[{"href":"https:\/\/nublo.tv\/index.php\/wp-json\/wp\/v2\/nublo_evento"}],"about":[{"href":"https:\/\/nublo.tv\/index.php\/wp-json\/wp\/v2\/types\/nublo_evento"}],"wp:attachment":[{"href":"https:\/\/nublo.tv\/index.php\/wp-json\/wp\/v2\/media?parent=17736"}],"curies":[{"name":"wp","href":"https:\/\/api.w.org\/{rel}","templated":true}]}}

Pregón de las Fiestas de Sardina a cargo de Eugenio Montesdeoca Armas

<p><strong>Las Fiestas de Sardina, en Gáldar, arrancan este viernes, 4 de septiembre, a las 19:00 horas con la lectura del pregón a cargo de Eugenio Montesdeoca Armas.</strong></p>
<p>Este acto institucional marcará el inicio oficial del calendario de festejos en el barrio, dando el pistoletazo de salida a las celebraciones con la intervención del pregonero invitado.</p>

<p>Las Fiestas de Sardina, en Gáldar, arrancan este viernes, 4 de septiembre, a las 19:00 horas con la lectura del pregón a cargo de Eugenio Montesdeoca Armas. Este acto institucional marcará el inicio oficial del calendario de festejos en el barrio, dando el pistoletazo de salida a las celebraciones con la intervención del pregonero invitado.</p>
