{"id":17739,"date":"2026-08-27T22:39:57","date_gmt":"2026-08-27T21:39:57","guid":{"rendered":"https:\/\/nublo.tv\/?post_type=nublo_evento&#038;p=17739"},"modified":"2026-08-27T22:39:57","modified_gmt":"2026-08-27T21:39:57","slug":"feria-de-la-salud-en-galdar","status":"publish","type":"nublo_evento","link":"https:\/\/nublo.tv\/index.php\/nublo_evento\/feria-de-la-salud-en-galdar\/","title":{"rendered":"Feria de la Salud en G\u00e1ldar"},"content":{"rendered":"<p><strong>El mi\u00e9rcoles 12 de noviembre de 2026, a las 16:00 horas, la plaza de Santiago de G\u00e1ldar acoger\u00e1 la Feria de la Salud, organizada por el Ayuntamiento.<\/strong><\/p>\n<p>Un evento dedicado a promover h\u00e1bitos saludables y el bienestar de los vecinos, con actividades y stands informativos.<\/p>\n","protected":false},"excerpt":{"rendered":"<p>El mi\u00e9rcoles 12 de noviembre de 2026, a las 16:00 horas, la plaza de Santiago de G\u00e1ldar acoger\u00e1 la Feria de la Salud, organizada por el Ayuntamiento. Un evento dedicado a promover h\u00e1bitos saludables y el bienestar de los vecinos, con actividades y stands informativos.<\/p>\n","protected":false},"featured_media":0,"template":"","class_list":["post-17739","nublo_evento","type-nublo_evento","status-publish","hentry"],"_links":{"self":[{"href":"https:\/\/nublo.tv\/index.php\/wp-json\/wp\/v2\/nublo_evento\/17739","targetHints":{"allow":["GET"]}}],"collection":[{"href":"https:\/\/nublo.tv\/index.php\/wp-json\/wp\/v2\/nublo_evento"}],"about":[{"href":"https:\/\/nublo.tv\/index.php\/wp-json\/wp\/v2\/types\/nublo_evento"}],"wp:attachment":[{"href":"https:\/\/nublo.tv\/index.php\/wp-json\/wp\/v2\/media?parent=17739"}],"curies":[{"name":"wp","href":"https:\/\/api.w.org\/{rel}","templated":true}]}}

Feria de la Salud en Gáldar

<p><strong>El miércoles 12 de noviembre de 2026, a las 16:00 horas, la plaza de Santiago de Gáldar acogerá la Feria de la Salud, organizada por el Ayuntamiento.</strong></p>
<p>Un evento dedicado a promover hábitos saludables y el bienestar de los vecinos, con actividades y stands informativos.</p>

<p>El miércoles 12 de noviembre de 2026, a las 16:00 horas, la plaza de Santiago de Gáldar acogerá la Feria de la Salud, organizada por el Ayuntamiento. Un evento dedicado a promover hábitos saludables y el bienestar de los vecinos, con actividades y stands informativos.</p>
