{"id":17741,"date":"2026-08-27T21:35:22","date_gmt":"2026-08-27T20:35:22","guid":{"rendered":"https:\/\/nublo.tv\/?post_type=nublo_evento&#038;p=17741"},"modified":"2026-08-27T21:35:22","modified_gmt":"2026-08-27T20:35:22","slug":"festival-sardina-viva-2026-vara-del-pescao-y-conciertos-en-sardina","status":"publish","type":"nublo_evento","link":"https:\/\/nublo.tv\/index.php\/nublo_evento\/festival-sardina-viva-2026-vara-del-pescao-y-conciertos-en-sardina\/","title":{"rendered":"Festival Sardina Viva 2026: Var\u00e1 del Pescao y conciertos en Sardina"},"content":{"rendered":"<p><strong>El barrio de Sardina, en G\u00e1ldar, acoge este s\u00e1bado 12 de septiembre, a partir de las 11:00 horas, una nueva edici\u00f3n del festival &#8216;Sardina Viva 2026&#8217;, una jornada festiva que combina tradici\u00f3n y actuaciones musicales en directo.<\/strong><\/p>\n<p>La programaci\u00f3n matinal arrancar\u00e1 a las 12:00 horas con la tradicional Var\u00e1 del Pescao, que recorrer\u00e1 la zona en un pasacalles animado por la Banda de Agaete hasta las 13:30 horas.<\/p>\n<p>Durante la tarde y la noche continuar\u00e1 la oferta musical con las actuaciones de DJ Yeray (14:30 h), Playa Coco (16:00 h), Cielo Zurith (18:00 h) y Get Garbey (20:00 h). El broche final lo pondr\u00e1 el grupo Sombras del Caribe, cuyo concierto se celebrar\u00e1 desde las 22:00 horas hasta la medianoche.<\/p>\n","protected":false},"excerpt":{"rendered":"<p>El barrio de Sardina, en G\u00e1ldar, acoge este s\u00e1bado 12 de septiembre, a partir de las 11:00 horas, una nueva edici\u00f3n del festival &#8216;Sardina Viva 2026&#8217;, una jornada festiva que combina tradici\u00f3n y actuaciones musicales en directo. La programaci\u00f3n matinal arrancar\u00e1 a las 12:00 horas con la tradicional Var\u00e1 del Pescao, que recorrer\u00e1 la zona [&hellip;]<\/p>\n","protected":false},"featured_media":0,"template":"","class_list":["post-17741","nublo_evento","type-nublo_evento","status-publish","hentry"],"_links":{"self":[{"href":"https:\/\/nublo.tv\/index.php\/wp-json\/wp\/v2\/nublo_evento\/17741","targetHints":{"allow":["GET"]}}],"collection":[{"href":"https:\/\/nublo.tv\/index.php\/wp-json\/wp\/v2\/nublo_evento"}],"about":[{"href":"https:\/\/nublo.tv\/index.php\/wp-json\/wp\/v2\/types\/nublo_evento"}],"wp:attachment":[{"href":"https:\/\/nublo.tv\/index.php\/wp-json\/wp\/v2\/media?parent=17741"}],"curies":[{"name":"wp","href":"https:\/\/api.w.org\/{rel}","templated":true}]}}

Festival Sardina Viva 2026: Vará del Pescao y conciertos en Sardina

<p><strong>El barrio de Sardina, en Gáldar, acoge este sábado 12 de septiembre, a partir de las 11:00 horas, una nueva edición del festival &#8216;Sardina Viva 2026&#8217;, una jornada festiva que combina tradición y actuaciones musicales en directo.</strong></p>
<p>La programación matinal arrancará a las 12:00 horas con la tradicional Vará del Pescao, que recorrerá la zona en un pasacalles animado por la Banda de Agaete hasta las 13:30 horas.</p>
<p>Durante la tarde y la noche continuará la oferta musical con las actuaciones de DJ Yeray (14:30 h), Playa Coco (16:00 h), Cielo Zurith (18:00 h) y Get Garbey (20:00 h). El broche final lo pondrá el grupo Sombras del Caribe, cuyo concierto se celebrará desde las 22:00 horas hasta la medianoche.</p>

<p>El barrio de Sardina, en Gáldar, acoge este sábado 12 de septiembre, a partir de las 11:00 horas, una nueva edición del festival &#8216;Sardina Viva 2026&#8217;, una jornada festiva que combina tradición y actuaciones musicales en directo. La programación matinal arrancará a las 12:00 horas con la tradicional Vará del Pescao, que recorrerá la zona [&hellip;]</p>
