{"id":17742,"date":"2026-08-27T21:35:22","date_gmt":"2026-08-27T20:35:22","guid":{"rendered":"https:\/\/nublo.tv\/?post_type=nublo_evento&#038;p=17742"},"modified":"2026-08-27T21:35:22","modified_gmt":"2026-08-27T20:35:22","slug":"misa-y-procesion-en-honor-a-san-roque-y-la-virgen-del-carmen-en-los-dos-roques","status":"publish","type":"nublo_evento","link":"https:\/\/nublo.tv\/index.php\/nublo_evento\/misa-y-procesion-en-honor-a-san-roque-y-la-virgen-del-carmen-en-los-dos-roques\/","title":{"rendered":"Misa y procesi\u00f3n en honor a San Roque y la Virgen del Carmen en Los Dos Roques"},"content":{"rendered":"<p><strong>El n\u00facleo costero de Los Dos Roques, en G\u00e1ldar, celebra este domingo 13 de septiembre, a partir de las 11:00 horas, la solemne funci\u00f3n religiosa y la posterior procesi\u00f3n en honor a San Roque y la Virgen del Carmen.<\/strong><\/p>\n<p>Este encuentro representa uno de los momentos centrales de las fiestas del barrio, donde vecinos y visitantes se re\u00fanen junto al mar en una jornada de tradici\u00f3n y convivencia para rendir tributo a ambos santos.<\/p>\n","protected":false},"excerpt":{"rendered":"<p>El n\u00facleo costero de Los Dos Roques, en G\u00e1ldar, celebra este domingo 13 de septiembre, a partir de las 11:00 horas, la solemne funci\u00f3n religiosa y la posterior procesi\u00f3n en honor a San Roque y la Virgen del Carmen. Este encuentro representa uno de los momentos centrales de las fiestas del barrio, donde vecinos y [&hellip;]<\/p>\n","protected":false},"featured_media":0,"template":"","class_list":["post-17742","nublo_evento","type-nublo_evento","status-publish","hentry"],"_links":{"self":[{"href":"https:\/\/nublo.tv\/index.php\/wp-json\/wp\/v2\/nublo_evento\/17742","targetHints":{"allow":["GET"]}}],"collection":[{"href":"https:\/\/nublo.tv\/index.php\/wp-json\/wp\/v2\/nublo_evento"}],"about":[{"href":"https:\/\/nublo.tv\/index.php\/wp-json\/wp\/v2\/types\/nublo_evento"}],"wp:attachment":[{"href":"https:\/\/nublo.tv\/index.php\/wp-json\/wp\/v2\/media?parent=17742"}],"curies":[{"name":"wp","href":"https:\/\/api.w.org\/{rel}","templated":true}]}}

Misa y procesión en honor a San Roque y la Virgen del Carmen en Los Dos Roques

<p><strong>El núcleo costero de Los Dos Roques, en Gáldar, celebra este domingo 13 de septiembre, a partir de las 11:00 horas, la solemne función religiosa y la posterior procesión en honor a San Roque y la Virgen del Carmen.</strong></p>
<p>Este encuentro representa uno de los momentos centrales de las fiestas del barrio, donde vecinos y visitantes se reúnen junto al mar en una jornada de tradición y convivencia para rendir tributo a ambos santos.</p>

<p>El núcleo costero de Los Dos Roques, en Gáldar, celebra este domingo 13 de septiembre, a partir de las 11:00 horas, la solemne función religiosa y la posterior procesión en honor a San Roque y la Virgen del Carmen. Este encuentro representa uno de los momentos centrales de las fiestas del barrio, donde vecinos y [&hellip;]</p>
