{"id":17744,"date":"2026-08-27T21:35:22","date_gmt":"2026-08-27T20:35:22","guid":{"rendered":"https:\/\/nublo.tv\/?post_type=nublo_evento&#038;p=17744"},"modified":"2026-08-27T21:35:22","modified_gmt":"2026-08-27T20:35:22","slug":"la-tradicional-vara-del-pescao-llega-a-sardina","status":"publish","type":"nublo_evento","link":"https:\/\/nublo.tv\/index.php\/nublo_evento\/la-tradicional-vara-del-pescao-llega-a-sardina\/","title":{"rendered":"La tradicional Var\u00e1 del Pescao llega a Sardina"},"content":{"rendered":"<p><strong>Sardina acoge este s\u00e1bado, 12 de septiembre de 2026, a partir de las 11:00 horas, una nueva edici\u00f3n de la tradicional Var\u00e1 del Pescao.<\/strong><\/p>\n<p>Esta cita festiva, organizada por el Ayuntamiento de G\u00e1ldar, es uno de los encuentros m\u00e1s esperados del litoral galdense y re\u00fane a vecinos y visitantes para ensalzar y disfrutar de la tradici\u00f3n marinera del municipio.<\/p>\n","protected":false},"excerpt":{"rendered":"<p>Sardina acoge este s\u00e1bado, 12 de septiembre de 2026, a partir de las 11:00 horas, una nueva edici\u00f3n de la tradicional Var\u00e1 del Pescao. Esta cita festiva, organizada por el Ayuntamiento de G\u00e1ldar, es uno de los encuentros m\u00e1s esperados del litoral galdense y re\u00fane a vecinos y visitantes para ensalzar y disfrutar de la [&hellip;]<\/p>\n","protected":false},"featured_media":0,"template":"","class_list":["post-17744","nublo_evento","type-nublo_evento","status-publish","hentry"],"_links":{"self":[{"href":"https:\/\/nublo.tv\/index.php\/wp-json\/wp\/v2\/nublo_evento\/17744","targetHints":{"allow":["GET"]}}],"collection":[{"href":"https:\/\/nublo.tv\/index.php\/wp-json\/wp\/v2\/nublo_evento"}],"about":[{"href":"https:\/\/nublo.tv\/index.php\/wp-json\/wp\/v2\/types\/nublo_evento"}],"wp:attachment":[{"href":"https:\/\/nublo.tv\/index.php\/wp-json\/wp\/v2\/media?parent=17744"}],"curies":[{"name":"wp","href":"https:\/\/api.w.org\/{rel}","templated":true}]}}

La tradicional Vará del Pescao llega a Sardina

<p><strong>Sardina acoge este sábado, 12 de septiembre de 2026, a partir de las 11:00 horas, una nueva edición de la tradicional Vará del Pescao.</strong></p>
<p>Esta cita festiva, organizada por el Ayuntamiento de Gáldar, es uno de los encuentros más esperados del litoral galdense y reúne a vecinos y visitantes para ensalzar y disfrutar de la tradición marinera del municipio.</p>

<p>Sardina acoge este sábado, 12 de septiembre de 2026, a partir de las 11:00 horas, una nueva edición de la tradicional Vará del Pescao. Esta cita festiva, organizada por el Ayuntamiento de Gáldar, es uno de los encuentros más esperados del litoral galdense y reúne a vecinos y visitantes para ensalzar y disfrutar de la [&hellip;]</p>
