{"id":17745,"date":"2026-08-27T21:35:22","date_gmt":"2026-08-27T20:35:22","guid":{"rendered":"https:\/\/nublo.tv\/?post_type=nublo_evento&#038;p=17745"},"modified":"2026-08-27T21:35:22","modified_gmt":"2026-08-27T20:35:22","slug":"homenaje-a-los-presidentes-y-presidentas-del-club-del-mayor-estrella-del-norte-de-sardina","status":"publish","type":"nublo_evento","link":"https:\/\/nublo.tv\/index.php\/nublo_evento\/homenaje-a-los-presidentes-y-presidentas-del-club-del-mayor-estrella-del-norte-de-sardina\/","title":{"rendered":"Homenaje a los presidentes y presidentas del Club del Mayor Estrella del Norte de Sardina"},"content":{"rendered":"<p><strong>El Club del Mayor Estrella del Norte de Sardina acoge este mi\u00e9rcoles, 16 de septiembre de 2026, a las 18:00 horas, un acto de reconocimiento a sus presidentes y presidentas en su sede de Sardina.<\/strong><\/p>\n<p>Durante la cita se rendir\u00e1 tributo a la labor desempe\u00f1ada al frente de la entidad por Santiago Su\u00e1rez, Ernesto Molina, Josefa Moreno, Carmela Ben\u00edtez, Andr\u00e9s D\u00edaz, B\u00e1rbara Su\u00e1rez y Manuel del Pino P\u00e9rez.<\/p>\n<p>La jornada incluir\u00e1 adem\u00e1s una actuaci\u00f3n musical para amenizar este emotivo encuentro entre los socios del club y los vecinos.<\/p>\n","protected":false},"excerpt":{"rendered":"<p>El Club del Mayor Estrella del Norte de Sardina acoge este mi\u00e9rcoles, 16 de septiembre de 2026, a las 18:00 horas, un acto de reconocimiento a sus presidentes y presidentas en su sede de Sardina. Durante la cita se rendir\u00e1 tributo a la labor desempe\u00f1ada al frente de la entidad por Santiago Su\u00e1rez, Ernesto Molina, [&hellip;]<\/p>\n","protected":false},"featured_media":0,"template":"","class_list":["post-17745","nublo_evento","type-nublo_evento","status-publish","hentry"],"_links":{"self":[{"href":"https:\/\/nublo.tv\/index.php\/wp-json\/wp\/v2\/nublo_evento\/17745","targetHints":{"allow":["GET"]}}],"collection":[{"href":"https:\/\/nublo.tv\/index.php\/wp-json\/wp\/v2\/nublo_evento"}],"about":[{"href":"https:\/\/nublo.tv\/index.php\/wp-json\/wp\/v2\/types\/nublo_evento"}],"wp:attachment":[{"href":"https:\/\/nublo.tv\/index.php\/wp-json\/wp\/v2\/media?parent=17745"}],"curies":[{"name":"wp","href":"https:\/\/api.w.org\/{rel}","templated":true}]}}

<p><strong>El Club del Mayor Estrella del Norte de Sardina acoge este miércoles, 16 de septiembre de 2026, a las 18:00 horas, un acto de reconocimiento a sus presidentes y presidentas en su sede de Sardina.</strong></p>
<p>Durante la cita se rendirá tributo a la labor desempeñada al frente de la entidad por Santiago Suárez, Ernesto Molina, Josefa Moreno, Carmela Benítez, Andrés Díaz, Bárbara Suárez y Manuel del Pino Pérez.</p>
<p>La jornada incluirá además una actuación musical para amenizar este emotivo encuentro entre los socios del club y los vecinos.</p>

<p>El Club del Mayor Estrella del Norte de Sardina acoge este miércoles, 16 de septiembre de 2026, a las 18:00 horas, un acto de reconocimiento a sus presidentes y presidentas en su sede de Sardina. Durante la cita se rendirá tributo a la labor desempeñada al frente de la entidad por Santiago Suárez, Ernesto Molina, [&hellip;]</p>
