{"id":17746,"date":"2026-08-27T21:35:22","date_gmt":"2026-08-27T20:35:22","guid":{"rendered":"https:\/\/nublo.tv\/?post_type=nublo_evento&#038;p=17746"},"modified":"2026-08-27T21:35:22","modified_gmt":"2026-08-27T20:35:22","slug":"entrega-del-amagro-de-oro-al-alcalde-teodoro-sosa","status":"publish","type":"nublo_evento","link":"https:\/\/nublo.tv\/index.php\/nublo_evento\/entrega-del-amagro-de-oro-al-alcalde-teodoro-sosa\/","title":{"rendered":"Entrega del Amagro de Oro al alcalde Teodoro Sosa"},"content":{"rendered":"<p><strong>La Plaza de Barrial acoger\u00e1 el pr\u00f3ximo 4 de septiembre de 2026, a las 20:30 horas, el acto oficial de entrega del Amagro de Oro al alcalde de G\u00e1ldar, Teodoro Claret Sosa Monz\u00f3n.<\/strong><\/p>\n<p>Este evento, organizado por el Ayuntamiento de G\u00e1ldar, supone un reconocimiento p\u00fablico a la figura del primer edil en un encuentro abierto a toda la ciudadan\u00eda en el coraz\u00f3n del barrio galdense.<\/p>\n","protected":false},"excerpt":{"rendered":"<p>La Plaza de Barrial acoger\u00e1 el pr\u00f3ximo 4 de septiembre de 2026, a las 20:30 horas, el acto oficial de entrega del Amagro de Oro al alcalde de G\u00e1ldar, Teodoro Claret Sosa Monz\u00f3n. Este evento, organizado por el Ayuntamiento de G\u00e1ldar, supone un reconocimiento p\u00fablico a la figura del primer edil en un encuentro abierto [&hellip;]<\/p>\n","protected":false},"featured_media":0,"template":"","class_list":["post-17746","nublo_evento","type-nublo_evento","status-publish","hentry"],"_links":{"self":[{"href":"https:\/\/nublo.tv\/index.php\/wp-json\/wp\/v2\/nublo_evento\/17746","targetHints":{"allow":["GET"]}}],"collection":[{"href":"https:\/\/nublo.tv\/index.php\/wp-json\/wp\/v2\/nublo_evento"}],"about":[{"href":"https:\/\/nublo.tv\/index.php\/wp-json\/wp\/v2\/types\/nublo_evento"}],"wp:attachment":[{"href":"https:\/\/nublo.tv\/index.php\/wp-json\/wp\/v2\/media?parent=17746"}],"curies":[{"name":"wp","href":"https:\/\/api.w.org\/{rel}","templated":true}]}}

<p><strong>La Plaza de Barrial acogerá el próximo 4 de septiembre de 2026, a las 20:30 horas, el acto oficial de entrega del Amagro de Oro al alcalde de Gáldar, Teodoro Claret Sosa Monzón.</strong></p>
<p>Este evento, organizado por el Ayuntamiento de Gáldar, supone un reconocimiento público a la figura del primer edil en un encuentro abierto a toda la ciudadanía en el corazón del barrio galdense.</p>

<p>La Plaza de Barrial acogerá el próximo 4 de septiembre de 2026, a las 20:30 horas, el acto oficial de entrega del Amagro de Oro al alcalde de Gáldar, Teodoro Claret Sosa Monzón. Este evento, organizado por el Ayuntamiento de Gáldar, supone un reconocimiento público a la figura del primer edil en un encuentro abierto [&hellip;]</p>
