{"id":17748,"date":"2026-08-27T22:39:57","date_gmt":"2026-08-27T21:39:57","guid":{"rendered":"https:\/\/nublo.tv\/?post_type=nublo_evento&#038;p=17748"},"modified":"2026-08-27T22:39:57","modified_gmt":"2026-08-27T21:39:57","slug":"encendido-del-alumbrado-navideno-en-galdar","status":"publish","type":"nublo_evento","link":"https:\/\/nublo.tv\/index.php\/nublo_evento\/encendido-del-alumbrado-navideno-en-galdar\/","title":{"rendered":"Encendido del alumbrado navide\u00f1o en G\u00e1ldar"},"content":{"rendered":"<p><strong>G\u00e1ldar iluminar\u00e1 sus calles para dar inicio a la Navidad el viernes 27 de noviembre de 2026 a las 19:00 horas en el municipio.<\/strong><\/p>\n<p>El acto oficial de encendido del alumbrado navide\u00f1o marcar\u00e1 el comienzo de las fiestas en el municipio, creando un ambiente festivo para vecinos y visitantes.<\/p>\n<p>Organizado por el Ayuntamiento de G\u00e1ldar, este evento tradicional re\u00fane a la comunidad para disfrutar de la magia de las luces en una cita familiar.<\/p>\n","protected":false},"excerpt":{"rendered":"<p>G\u00e1ldar iluminar\u00e1 sus calles para dar inicio a la Navidad el viernes 27 de noviembre de 2026 a las 19:00 horas en el municipio. El acto oficial de encendido del alumbrado navide\u00f1o marcar\u00e1 el comienzo de las fiestas en el municipio, creando un ambiente festivo para vecinos y visitantes. Organizado por el Ayuntamiento de G\u00e1ldar, [&hellip;]<\/p>\n","protected":false},"featured_media":0,"template":"","class_list":["post-17748","nublo_evento","type-nublo_evento","status-publish","hentry"],"_links":{"self":[{"href":"https:\/\/nublo.tv\/index.php\/wp-json\/wp\/v2\/nublo_evento\/17748","targetHints":{"allow":["GET"]}}],"collection":[{"href":"https:\/\/nublo.tv\/index.php\/wp-json\/wp\/v2\/nublo_evento"}],"about":[{"href":"https:\/\/nublo.tv\/index.php\/wp-json\/wp\/v2\/types\/nublo_evento"}],"wp:attachment":[{"href":"https:\/\/nublo.tv\/index.php\/wp-json\/wp\/v2\/media?parent=17748"}],"curies":[{"name":"wp","href":"https:\/\/api.w.org\/{rel}","templated":true}]}}

Encendido del alumbrado navideño en Gáldar

<p><strong>Gáldar iluminará sus calles para dar inicio a la Navidad el viernes 27 de noviembre de 2026 a las 19:00 horas en el municipio.</strong></p>
<p>El acto oficial de encendido del alumbrado navideño marcará el comienzo de las fiestas en el municipio, creando un ambiente festivo para vecinos y visitantes.</p>
<p>Organizado por el Ayuntamiento de Gáldar, este evento tradicional reúne a la comunidad para disfrutar de la magia de las luces en una cita familiar.</p>

<p>Gáldar iluminará sus calles para dar inicio a la Navidad el viernes 27 de noviembre de 2026 a las 19:00 horas en el municipio. El acto oficial de encendido del alumbrado navideño marcará el comienzo de las fiestas en el municipio, creando un ambiente festivo para vecinos y visitantes. Organizado por el Ayuntamiento de Gáldar, [&hellip;]</p>
