{"id":17749,"date":"2026-08-27T21:35:22","date_gmt":"2026-08-27T20:35:22","guid":{"rendered":"https:\/\/nublo.tv\/?post_type=nublo_evento&#038;p=17749"},"modified":"2026-08-27T21:35:22","modified_gmt":"2026-08-27T20:35:22","slug":"festival-sardina-viva-2026-en-galdar","status":"publish","type":"nublo_evento","link":"https:\/\/nublo.tv\/index.php\/nublo_evento\/festival-sardina-viva-2026-en-galdar\/","title":{"rendered":"Festival Sardina Viva 2026 en G\u00e1ldar"},"content":{"rendered":"<p><strong>El Festival Sardina Viva 2026 se celebra en la localidad de Sardina, en G\u00e1ldar, este domingo 13 de septiembre a partir de las 11:00 horas con una jornada festiva llena de ocio y m\u00fasica.<\/strong><\/p>\n<p>Las actividades para toda la familia comenzar\u00e1n a las 12:00 horas y se prolongar\u00e1n hasta las 18:00 horas, contando con castillos hinchables acu\u00e1ticos y la habitual fiesta de la espuma.<\/p>\n<p>El apartado musical arrancar\u00e1 a las 14:30 horas con la sesi\u00f3n de DJ Yeray. A las 15:30 horas subir\u00e1 al escenario Son del Caney, mientras que el grupo Golpe Bajo ser\u00e1 el encargado de cerrar el evento con su concierto a las 17:30 horas.<\/p>\n","protected":false},"excerpt":{"rendered":"<p>El Festival Sardina Viva 2026 se celebra en la localidad de Sardina, en G\u00e1ldar, este domingo 13 de septiembre a partir de las 11:00 horas con una jornada festiva llena de ocio y m\u00fasica. Las actividades para toda la familia comenzar\u00e1n a las 12:00 horas y se prolongar\u00e1n hasta las 18:00 horas, contando con castillos [&hellip;]<\/p>\n","protected":false},"featured_media":0,"template":"","class_list":["post-17749","nublo_evento","type-nublo_evento","status-publish","hentry"],"_links":{"self":[{"href":"https:\/\/nublo.tv\/index.php\/wp-json\/wp\/v2\/nublo_evento\/17749","targetHints":{"allow":["GET"]}}],"collection":[{"href":"https:\/\/nublo.tv\/index.php\/wp-json\/wp\/v2\/nublo_evento"}],"about":[{"href":"https:\/\/nublo.tv\/index.php\/wp-json\/wp\/v2\/types\/nublo_evento"}],"wp:attachment":[{"href":"https:\/\/nublo.tv\/index.php\/wp-json\/wp\/v2\/media?parent=17749"}],"curies":[{"name":"wp","href":"https:\/\/api.w.org\/{rel}","templated":true}]}}

Festival Sardina Viva 2026 en Gáldar

<p><strong>El Festival Sardina Viva 2026 se celebra en la localidad de Sardina, en Gáldar, este domingo 13 de septiembre a partir de las 11:00 horas con una jornada festiva llena de ocio y música.</strong></p>
<p>Las actividades para toda la familia comenzarán a las 12:00 horas y se prolongarán hasta las 18:00 horas, contando con castillos hinchables acuáticos y la habitual fiesta de la espuma.</p>
<p>El apartado musical arrancará a las 14:30 horas con la sesión de DJ Yeray. A las 15:30 horas subirá al escenario Son del Caney, mientras que el grupo Golpe Bajo será el encargado de cerrar el evento con su concierto a las 17:30 horas.</p>

<p>El Festival Sardina Viva 2026 se celebra en la localidad de Sardina, en Gáldar, este domingo 13 de septiembre a partir de las 11:00 horas con una jornada festiva llena de ocio y música. Las actividades para toda la familia comenzarán a las 12:00 horas y se prolongarán hasta las 18:00 horas, contando con castillos [&hellip;]</p>
