{"id":17750,"date":"2026-08-27T22:39:57","date_gmt":"2026-08-27T21:39:57","guid":{"rendered":"https:\/\/nublo.tv\/?post_type=nublo_evento&#038;p=17750"},"modified":"2026-08-27T22:39:57","modified_gmt":"2026-08-27T21:39:57","slug":"inauguracion-de-las-ix-jornadas-de-agroecologia-y-biodiversidad","status":"publish","type":"nublo_evento","link":"https:\/\/nublo.tv\/index.php\/nublo_evento\/inauguracion-de-las-ix-jornadas-de-agroecologia-y-biodiversidad\/","title":{"rendered":"Inauguraci\u00f3n de las IX Jornadas de Agroecolog\u00eda y Biodiversidad"},"content":{"rendered":"<p><strong>El Foro de Agroecolog\u00eda y Biodiversidad en Canarias abre su novena edici\u00f3n el 22 de octubre a las 8:00 horas en el Centro Cultural Guaires de G\u00e1ldar.<\/strong><\/p>\n<p>Este encuentro bianual, organizado por el Gobierno de Canarias a trav\u00e9s del Instituto Canario de Calidad Agroalimentaria (ICCA), re\u00fane a expertos, productores y consumidores para impulsar la producci\u00f3n ecol\u00f3gica, la soberan\u00eda alimentaria y la conservaci\u00f3n del territorio.<\/p>\n","protected":false},"excerpt":{"rendered":"<p>El Foro de Agroecolog\u00eda y Biodiversidad en Canarias abre su novena edici\u00f3n el 22 de octubre a las 8:00 horas en el Centro Cultural Guaires de G\u00e1ldar. Este encuentro bianual, organizado por el Gobierno de Canarias a trav\u00e9s del Instituto Canario de Calidad Agroalimentaria (ICCA), re\u00fane a expertos, productores y consumidores para impulsar la producci\u00f3n [&hellip;]<\/p>\n","protected":false},"featured_media":0,"template":"","class_list":["post-17750","nublo_evento","type-nublo_evento","status-publish","hentry"],"_links":{"self":[{"href":"https:\/\/nublo.tv\/index.php\/wp-json\/wp\/v2\/nublo_evento\/17750","targetHints":{"allow":["GET"]}}],"collection":[{"href":"https:\/\/nublo.tv\/index.php\/wp-json\/wp\/v2\/nublo_evento"}],"about":[{"href":"https:\/\/nublo.tv\/index.php\/wp-json\/wp\/v2\/types\/nublo_evento"}],"wp:attachment":[{"href":"https:\/\/nublo.tv\/index.php\/wp-json\/wp\/v2\/media?parent=17750"}],"curies":[{"name":"wp","href":"https:\/\/api.w.org\/{rel}","templated":true}]}}

Inauguración de las IX Jornadas de Agroecología y Biodiversidad

<p><strong>El Foro de Agroecología y Biodiversidad en Canarias abre su novena edición el 22 de octubre a las 8:00 horas en el Centro Cultural Guaires de Gáldar.</strong></p>
<p>Este encuentro bianual, organizado por el Gobierno de Canarias a través del Instituto Canario de Calidad Agroalimentaria (ICCA), reúne a expertos, productores y consumidores para impulsar la producción ecológica, la soberanía alimentaria y la conservación del territorio.</p>

<p>El Foro de Agroecología y Biodiversidad en Canarias abre su novena edición el 22 de octubre a las 8:00 horas en el Centro Cultural Guaires de Gáldar. Este encuentro bianual, organizado por el Gobierno de Canarias a través del Instituto Canario de Calidad Agroalimentaria (ICCA), reúne a expertos, productores y consumidores para impulsar la producción [&hellip;]</p>
