{"id":17751,"date":"2026-08-27T21:35:22","date_gmt":"2026-08-27T20:35:22","guid":{"rendered":"https:\/\/nublo.tv\/?post_type=nublo_evento&#038;p=17751"},"modified":"2026-08-27T21:35:22","modified_gmt":"2026-08-27T20:35:22","slug":"pregon-de-las-fiestas-de-la-montana-a-cargo-de-d-jose-claudio-suarez-perez-pepito-el-guardia","status":"publish","type":"nublo_evento","link":"https:\/\/nublo.tv\/index.php\/nublo_evento\/pregon-de-las-fiestas-de-la-montana-a-cargo-de-d-jose-claudio-suarez-perez-pepito-el-guardia\/","title":{"rendered":"Preg\u00f3n de las Fiestas de La Monta\u00f1a a cargo de D. Jos\u00e9 Claudio Su\u00e1rez P\u00e9rez, &#8216;Pepito el Guardia&#8217;"},"content":{"rendered":"<p><strong>La Iglesia de La Monta\u00f1a acoger\u00e1 el s\u00e1bado 19 de septiembre de 2026, a las 19:00 horas, el preg\u00f3n de las Fiestas de La Monta\u00f1a, a cargo de D. Jos\u00e9 Claudio Su\u00e1rez P\u00e9rez, &#8216;Pepito el Guardia&#8217;.<\/strong><\/p>\n<p>El acto est\u00e1 organizado por G\u00e1ldar como inicio de sus celebraciones tradicionales en el municipio.<\/p>\n","protected":false},"excerpt":{"rendered":"<p>La Iglesia de La Monta\u00f1a acoger\u00e1 el s\u00e1bado 19 de septiembre de 2026, a las 19:00 horas, el preg\u00f3n de las Fiestas de La Monta\u00f1a, a cargo de D. Jos\u00e9 Claudio Su\u00e1rez P\u00e9rez, &#8216;Pepito el Guardia&#8217;. El acto est\u00e1 organizado por G\u00e1ldar como inicio de sus celebraciones tradicionales en el municipio.<\/p>\n","protected":false},"featured_media":0,"template":"","class_list":["post-17751","nublo_evento","type-nublo_evento","status-publish","hentry"],"_links":{"self":[{"href":"https:\/\/nublo.tv\/index.php\/wp-json\/wp\/v2\/nublo_evento\/17751","targetHints":{"allow":["GET"]}}],"collection":[{"href":"https:\/\/nublo.tv\/index.php\/wp-json\/wp\/v2\/nublo_evento"}],"about":[{"href":"https:\/\/nublo.tv\/index.php\/wp-json\/wp\/v2\/types\/nublo_evento"}],"wp:attachment":[{"href":"https:\/\/nublo.tv\/index.php\/wp-json\/wp\/v2\/media?parent=17751"}],"curies":[{"name":"wp","href":"https:\/\/api.w.org\/{rel}","templated":true}]}}

Pregón de las Fiestas de La Montaña a cargo de D. José Claudio Suárez Pérez, &#8216;Pepito el Guardia&#8217;

<p><strong>La Iglesia de La Montaña acogerá el sábado 19 de septiembre de 2026, a las 19:00 horas, el pregón de las Fiestas de La Montaña, a cargo de D. José Claudio Suárez Pérez, &#8216;Pepito el Guardia&#8217;.</strong></p>
<p>El acto está organizado por Gáldar como inicio de sus celebraciones tradicionales en el municipio.</p>

<p>La Iglesia de La Montaña acogerá el sábado 19 de septiembre de 2026, a las 19:00 horas, el pregón de las Fiestas de La Montaña, a cargo de D. José Claudio Suárez Pérez, &#8216;Pepito el Guardia&#8217;. El acto está organizado por Gáldar como inicio de sus celebraciones tradicionales en el municipio.</p>
