{"id":17753,"date":"2026-08-27T21:35:22","date_gmt":"2026-08-27T20:35:22","guid":{"rendered":"https:\/\/nublo.tv\/?post_type=nublo_evento&#038;p=17753"},"modified":"2026-08-27T21:35:22","modified_gmt":"2026-08-27T20:35:22","slug":"pregon-de-las-fiestas-de-los-dos-roques-a-cargo-de-carlos-cabral-bolanos","status":"publish","type":"nublo_evento","link":"https:\/\/nublo.tv\/index.php\/nublo_evento\/pregon-de-las-fiestas-de-los-dos-roques-a-cargo-de-carlos-cabral-bolanos\/","title":{"rendered":"Preg\u00f3n de las Fiestas de Los Dos Roques a cargo de Carlos Cabral Bola\u00f1os"},"content":{"rendered":"<p><strong>El barrio de Los Dos Roques, en G\u00e1ldar, arranca sus fiestas patronales este viernes 11 de septiembre, a las 20:00 horas, con el preg\u00f3n de Carlos Cabral Bola\u00f1os en la sede de la asociaci\u00f3n de vecinos.<\/strong><\/p>\n<p>Este encuentro dar\u00e1 el pistoletazo de salida oficial a la programaci\u00f3n festiva, reuniendo a vecinos y visitantes para compartir el inicio de las celebraciones en un ambiente de convivencia.<\/p>\n","protected":false},"excerpt":{"rendered":"<p>El barrio de Los Dos Roques, en G\u00e1ldar, arranca sus fiestas patronales este viernes 11 de septiembre, a las 20:00 horas, con el preg\u00f3n de Carlos Cabral Bola\u00f1os en la sede de la asociaci\u00f3n de vecinos. Este encuentro dar\u00e1 el pistoletazo de salida oficial a la programaci\u00f3n festiva, reuniendo a vecinos y visitantes para compartir [&hellip;]<\/p>\n","protected":false},"featured_media":0,"template":"","class_list":["post-17753","nublo_evento","type-nublo_evento","status-publish","hentry"],"_links":{"self":[{"href":"https:\/\/nublo.tv\/index.php\/wp-json\/wp\/v2\/nublo_evento\/17753","targetHints":{"allow":["GET"]}}],"collection":[{"href":"https:\/\/nublo.tv\/index.php\/wp-json\/wp\/v2\/nublo_evento"}],"about":[{"href":"https:\/\/nublo.tv\/index.php\/wp-json\/wp\/v2\/types\/nublo_evento"}],"wp:attachment":[{"href":"https:\/\/nublo.tv\/index.php\/wp-json\/wp\/v2\/media?parent=17753"}],"curies":[{"name":"wp","href":"https:\/\/api.w.org\/{rel}","templated":true}]}}

Pregón de las Fiestas de Los Dos Roques a cargo de Carlos Cabral Bolaños

<p><strong>El barrio de Los Dos Roques, en Gáldar, arranca sus fiestas patronales este viernes 11 de septiembre, a las 20:00 horas, con el pregón de Carlos Cabral Bolaños en la sede de la asociación de vecinos.</strong></p>
<p>Este encuentro dará el pistoletazo de salida oficial a la programación festiva, reuniendo a vecinos y visitantes para compartir el inicio de las celebraciones en un ambiente de convivencia.</p>

<p>El barrio de Los Dos Roques, en Gáldar, arranca sus fiestas patronales este viernes 11 de septiembre, a las 20:00 horas, con el pregón de Carlos Cabral Bolaños en la sede de la asociación de vecinos. Este encuentro dará el pistoletazo de salida oficial a la programación festiva, reuniendo a vecinos y visitantes para compartir [&hellip;]</p>
