{"id":17754,"date":"2026-08-27T22:39:57","date_gmt":"2026-08-27T21:39:57","guid":{"rendered":"https:\/\/nublo.tv\/?post_type=nublo_evento&#038;p=17754"},"modified":"2026-08-27T22:39:57","modified_gmt":"2026-08-27T21:39:57","slug":"misa-y-procesion-en-honor-a-nuestra-senora-de-fatima-en-la-montana","status":"publish","type":"nublo_evento","link":"https:\/\/nublo.tv\/index.php\/nublo_evento\/misa-y-procesion-en-honor-a-nuestra-senora-de-fatima-en-la-montana\/","title":{"rendered":"Misa y procesi\u00f3n en honor a Nuestra Se\u00f1ora de F\u00e1tima en La Monta\u00f1a"},"content":{"rendered":"<p><strong>La localidad de La Monta\u00f1a celebra el 12 de octubre de 2026 a las 11:00 horas la tradicional misa y procesi\u00f3n en honor a Nuestra Se\u00f1ora de F\u00e1tima.<\/strong><\/p>\n<p>Un acto religioso organizado por el Ayuntamiento de G\u00e1ldar que re\u00fane a vecinos y devotos en torno a esta festividad mariana.<\/p>\n","protected":false},"excerpt":{"rendered":"<p>La localidad de La Monta\u00f1a celebra el 12 de octubre de 2026 a las 11:00 horas la tradicional misa y procesi\u00f3n en honor a Nuestra Se\u00f1ora de F\u00e1tima. Un acto religioso organizado por el Ayuntamiento de G\u00e1ldar que re\u00fane a vecinos y devotos en torno a esta festividad mariana.<\/p>\n","protected":false},"featured_media":0,"template":"","class_list":["post-17754","nublo_evento","type-nublo_evento","status-publish","hentry"],"_links":{"self":[{"href":"https:\/\/nublo.tv\/index.php\/wp-json\/wp\/v2\/nublo_evento\/17754","targetHints":{"allow":["GET"]}}],"collection":[{"href":"https:\/\/nublo.tv\/index.php\/wp-json\/wp\/v2\/nublo_evento"}],"about":[{"href":"https:\/\/nublo.tv\/index.php\/wp-json\/wp\/v2\/types\/nublo_evento"}],"wp:attachment":[{"href":"https:\/\/nublo.tv\/index.php\/wp-json\/wp\/v2\/media?parent=17754"}],"curies":[{"name":"wp","href":"https:\/\/api.w.org\/{rel}","templated":true}]}}

Misa y procesión en honor a Nuestra Señora de Fátima en La Montaña

<p><strong>La localidad de La Montaña celebra el 12 de octubre de 2026 a las 11:00 horas la tradicional misa y procesión en honor a Nuestra Señora de Fátima.</strong></p>
<p>Un acto religioso organizado por el Ayuntamiento de Gáldar que reúne a vecinos y devotos en torno a esta festividad mariana.</p>

<p>La localidad de La Montaña celebra el 12 de octubre de 2026 a las 11:00 horas la tradicional misa y procesión en honor a Nuestra Señora de Fátima. Un acto religioso organizado por el Ayuntamiento de Gáldar que reúne a vecinos y devotos en torno a esta festividad mariana.</p>
