{"id":17768,"date":"2026-08-27T23:39:00","date_gmt":"2026-08-27T22:39:00","guid":{"rendered":"https:\/\/nublo.tv\/?post_type=nublo_evento&#038;p=17768"},"modified":"2026-08-27T23:39:00","modified_gmt":"2026-08-27T22:39:00","slug":"la-vara-del-pescao-y-el-festival-sardina-viva-llenan-de-tradicion-la-avenida-antonio-rosas","status":"publish","type":"nublo_evento","link":"https:\/\/nublo.tv\/index.php\/nublo_evento\/la-vara-del-pescao-y-el-festival-sardina-viva-llenan-de-tradicion-la-avenida-antonio-rosas\/","title":{"rendered":"La Var\u00e1 del Pescao y el Festival Sardina Viva llenan de tradici\u00f3n la Avenida Antonio Rosas"},"content":{"rendered":"<p><strong>La Var\u00e1 del Pescao y el Festival Sardina Viva regresan a Sardina los d\u00edas 12 y 13 de septiembre de 2026 en la Avenida Antonio Rosas.<\/strong><\/p>\n<p>Este evento, organizado por la Concejal\u00eda de Cultura y Fiestas del Ayuntamiento de G\u00e1ldar y la Asociaci\u00f3n de Vecinos San Pedro Gonz\u00e1lez Telmo, combina tradici\u00f3n y ambiente festivo.<\/p>\n<p>Una cita imprescindible para disfrutar de la cultura local y el esp\u00edritu marinero de la zona.<\/p>\n","protected":false},"excerpt":{"rendered":"<p>La Var\u00e1 del Pescao y el Festival Sardina Viva regresan a Sardina los d\u00edas 12 y 13 de septiembre de 2026 en la Avenida Antonio Rosas. Este evento, organizado por la Concejal\u00eda de Cultura y Fiestas del Ayuntamiento de G\u00e1ldar y la Asociaci\u00f3n de Vecinos San Pedro Gonz\u00e1lez Telmo, combina tradici\u00f3n y ambiente festivo. Una [&hellip;]<\/p>\n","protected":false},"featured_media":0,"template":"","class_list":["post-17768","nublo_evento","type-nublo_evento","status-publish","hentry"],"_links":{"self":[{"href":"https:\/\/nublo.tv\/index.php\/wp-json\/wp\/v2\/nublo_evento\/17768","targetHints":{"allow":["GET"]}}],"collection":[{"href":"https:\/\/nublo.tv\/index.php\/wp-json\/wp\/v2\/nublo_evento"}],"about":[{"href":"https:\/\/nublo.tv\/index.php\/wp-json\/wp\/v2\/types\/nublo_evento"}],"wp:attachment":[{"href":"https:\/\/nublo.tv\/index.php\/wp-json\/wp\/v2\/media?parent=17768"}],"curies":[{"name":"wp","href":"https:\/\/api.w.org\/{rel}","templated":true}]}}

La Vará del Pescao y el Festival Sardina Viva llenan de tradición la Avenida Antonio Rosas

<p><strong>La Vará del Pescao y el Festival Sardina Viva regresan a Sardina los días 12 y 13 de septiembre de 2026 en la Avenida Antonio Rosas.</strong></p>
<p>Este evento, organizado por la Concejalía de Cultura y Fiestas del Ayuntamiento de Gáldar y la Asociación de Vecinos San Pedro González Telmo, combina tradición y ambiente festivo.</p>
<p>Una cita imprescindible para disfrutar de la cultura local y el espíritu marinero de la zona.</p>

<p>La Vará del Pescao y el Festival Sardina Viva regresan a Sardina los días 12 y 13 de septiembre de 2026 en la Avenida Antonio Rosas. Este evento, organizado por la Concejalía de Cultura y Fiestas del Ayuntamiento de Gáldar y la Asociación de Vecinos San Pedro González Telmo, combina tradición y ambiente festivo. Una [&hellip;]</p>
