{"id":17771,"date":"2026-08-27T23:39:00","date_gmt":"2026-08-27T22:39:00","guid":{"rendered":"https:\/\/nublo.tv\/?post_type=nublo_evento&#038;p=17771"},"modified":"2026-08-27T23:39:00","modified_gmt":"2026-08-27T22:39:00","slug":"inscripciones-abiertas-para-acompanar-la-carreta-de-galdar-en-la-romeria-del-pino","status":"publish","type":"nublo_evento","link":"https:\/\/nublo.tv\/index.php\/nublo_evento\/inscripciones-abiertas-para-acompanar-la-carreta-de-galdar-en-la-romeria-del-pino\/","title":{"rendered":"Inscripciones abiertas para acompa\u00f1ar la carreta de G\u00e1ldar en la Romer\u00eda del Pino"},"content":{"rendered":"<p><strong>Ya puedes apuntarte para acompa\u00f1ar la carreta de G\u00e1ldar en la Romer\u00eda del Pino, que se celebrar\u00e1 el 7 de septiembre en Teror. El plazo de inscripci\u00f3n est\u00e1 abierto hasta el 3 de septiembre.<\/strong><\/p>\n<p>Los vecinos interesados en participar junto a la carreta representativa del municipio pueden formalizar su inscripci\u00f3n a partir del 10 de agosto.<\/p>\n<p>La Romer\u00eda \u2013 Ofrenda a la Virgen del Pino es una de las tradiciones m\u00e1s arraigadas de Gran Canaria, y G\u00e1ldar contar\u00e1 con su propia representaci\u00f3n en este evento.<\/p>\n","protected":false},"excerpt":{"rendered":"<p>Ya puedes apuntarte para acompa\u00f1ar la carreta de G\u00e1ldar en la Romer\u00eda del Pino, que se celebrar\u00e1 el 7 de septiembre en Teror. El plazo de inscripci\u00f3n est\u00e1 abierto hasta el 3 de septiembre. Los vecinos interesados en participar junto a la carreta representativa del municipio pueden formalizar su inscripci\u00f3n a partir del 10 de [&hellip;]<\/p>\n","protected":false},"featured_media":0,"template":"","class_list":["post-17771","nublo_evento","type-nublo_evento","status-publish","hentry"],"_links":{"self":[{"href":"https:\/\/nublo.tv\/index.php\/wp-json\/wp\/v2\/nublo_evento\/17771","targetHints":{"allow":["GET"]}}],"collection":[{"href":"https:\/\/nublo.tv\/index.php\/wp-json\/wp\/v2\/nublo_evento"}],"about":[{"href":"https:\/\/nublo.tv\/index.php\/wp-json\/wp\/v2\/types\/nublo_evento"}],"wp:attachment":[{"href":"https:\/\/nublo.tv\/index.php\/wp-json\/wp\/v2\/media?parent=17771"}],"curies":[{"name":"wp","href":"https:\/\/api.w.org\/{rel}","templated":true}]}}

Inscripciones abiertas para acompañar la carreta de Gáldar en la Romería del Pino

<p><strong>Ya puedes apuntarte para acompañar la carreta de Gáldar en la Romería del Pino, que se celebrará el 7 de septiembre en Teror. El plazo de inscripción está abierto hasta el 3 de septiembre.</strong></p>
<p>Los vecinos interesados en participar junto a la carreta representativa del municipio pueden formalizar su inscripción a partir del 10 de agosto.</p>
<p>La Romería – Ofrenda a la Virgen del Pino es una de las tradiciones más arraigadas de Gran Canaria, y Gáldar contará con su propia representación en este evento.</p>

<p>Ya puedes apuntarte para acompañar la carreta de Gáldar en la Romería del Pino, que se celebrará el 7 de septiembre en Teror. El plazo de inscripción está abierto hasta el 3 de septiembre. Los vecinos interesados en participar junto a la carreta representativa del municipio pueden formalizar su inscripción a partir del 10 de [&hellip;]</p>
