{"id":18578,"date":"2026-08-31T15:50:40","date_gmt":"2026-08-31T14:50:40","guid":{"rendered":"https:\/\/nublo.tv\/?post_type=nublo_evento&#038;p=18578"},"modified":"2026-09-01T05:15:37","modified_gmt":"2026-09-01T04:15:37","slug":"__trashed-2","status":"publish","type":"nublo_evento","link":"https:\/\/nublo.tv\/index.php\/nublo_evento\/__trashed-2\/","title":{"rendered":"El Ayuntamiento de G\u00e1ldar informa de un corte de tr\u00e1fico en la calle Marmolejos este viernes"},"content":{"rendered":"<p>El Ayuntamiento de G\u00e1ldar informa de que este viernes 28 de agosto, entre las 09:00 y las 12:00 horas, se proceder\u00e1 al corte del tr\u00e1fico y a la limitaci\u00f3n del acceso en la calle Marmolejos, con motivo de los trabajos de saneamiento del trenzado del alumbrado p\u00fablico. Estas actuaciones son necesarias como consecuencia de una&#8230;<\/p>\n","protected":false},"excerpt":{"rendered":"<p>El Ayuntamiento de G\u00e1ldar informa de que este viernes 28 de agosto, entre las 09:00 y las 12:00 horas, se proceder\u00e1 al corte del tr\u00e1fico y a la limitaci\u00f3n del acceso en la calle Marmolejos, con motivo de los trabajos de saneamiento del trenzado del alumbrado p\u00fablico. Estas actuaciones son necesarias como consecuencia de una&#8230;<\/p>\n","protected":false},"featured_media":0,"template":"","class_list":["post-18578","nublo_evento","type-nublo_evento","status-publish","hentry"],"_links":{"self":[{"href":"https:\/\/nublo.tv\/index.php\/wp-json\/wp\/v2\/nublo_evento\/18578","targetHints":{"allow":["GET"]}}],"collection":[{"href":"https:\/\/nublo.tv\/index.php\/wp-json\/wp\/v2\/nublo_evento"}],"about":[{"href":"https:\/\/nublo.tv\/index.php\/wp-json\/wp\/v2\/types\/nublo_evento"}],"wp:attachment":[{"href":"https:\/\/nublo.tv\/index.php\/wp-json\/wp\/v2\/media?parent=18578"}],"curies":[{"name":"wp","href":"https:\/\/api.w.org\/{rel}","templated":true}]}}

El Ayuntamiento de Gáldar informa de un corte de tráfico en la calle Marmolejos este viernes

<p>El Ayuntamiento de Gáldar informa de que este viernes 28 de agosto, entre las 09:00 y las 12:00 horas, se procederá al corte del tráfico y a la limitación del acceso en la calle Marmolejos, con motivo de los trabajos de saneamiento del trenzado del alumbrado público. Estas actuaciones son necesarias como consecuencia de una&#8230;</p>
