{"id":18710,"date":"2026-08-31T15:50:40","date_gmt":"2026-08-31T14:50:40","guid":{"rendered":"https:\/\/nublo.tv\/?post_type=nublo_evento&#038;p=18710"},"modified":"2026-08-31T15:50:40","modified_gmt":"2026-08-31T14:50:40","slug":"mercado-agricola-de-galdar-regresa-a-la-plaza-de-santiago-el-6-de-septiembre","status":"publish","type":"nublo_evento","link":"https:\/\/nublo.tv\/index.php\/nublo_evento\/mercado-agricola-de-galdar-regresa-a-la-plaza-de-santiago-el-6-de-septiembre\/","title":{"rendered":"Mercado Agr\u00edcola de G\u00e1ldar regresa a la Plaza de Santiago el 6 de septiembre"},"content":{"rendered":"<p><strong>El Mercado Agr\u00edcola de G\u00e1ldar vuelve este domingo 6 de septiembre a la Plaza de Santiago, de 9:00 a 13:30 horas.<\/strong><\/p>\n<p>Despu\u00e9s del descanso de agosto, el evento sigue siendo un punto de encuentro entre productores y consumidores, donde se pueden adquirir productos frescos y locales.<\/p>\n<p>La iniciativa es organizada por Galdar Eventos.<\/p>\n","protected":false},"excerpt":{"rendered":"<p>El Mercado Agr\u00edcola de G\u00e1ldar vuelve este domingo 6 de septiembre a la Plaza de Santiago, de 9:00 a 13:30 horas. Despu\u00e9s del descanso de agosto, el evento sigue siendo un punto de encuentro entre productores y consumidores, donde se pueden adquirir productos frescos y locales. La iniciativa es organizada por Galdar Eventos.<\/p>\n","protected":false},"featured_media":0,"template":"","class_list":["post-18710","nublo_evento","type-nublo_evento","status-publish","hentry"],"_links":{"self":[{"href":"https:\/\/nublo.tv\/index.php\/wp-json\/wp\/v2\/nublo_evento\/18710","targetHints":{"allow":["GET"]}}],"collection":[{"href":"https:\/\/nublo.tv\/index.php\/wp-json\/wp\/v2\/nublo_evento"}],"about":[{"href":"https:\/\/nublo.tv\/index.php\/wp-json\/wp\/v2\/types\/nublo_evento"}],"wp:attachment":[{"href":"https:\/\/nublo.tv\/index.php\/wp-json\/wp\/v2\/media?parent=18710"}],"curies":[{"name":"wp","href":"https:\/\/api.w.org\/{rel}","templated":true}]}}

Mercado Agrícola de Gáldar regresa a la Plaza de Santiago el 6 de septiembre

<p><strong>El Mercado Agrícola de Gáldar vuelve este domingo 6 de septiembre a la Plaza de Santiago, de 9:00 a 13:30 horas.</strong></p>
<p>Después del descanso de agosto, el evento sigue siendo un punto de encuentro entre productores y consumidores, donde se pueden adquirir productos frescos y locales.</p>
<p>La iniciativa es organizada por Galdar Eventos.</p>

<p>El Mercado Agrícola de Gáldar vuelve este domingo 6 de septiembre a la Plaza de Santiago, de 9:00 a 13:30 horas. Después del descanso de agosto, el evento sigue siendo un punto de encuentro entre productores y consumidores, donde se pueden adquirir productos frescos y locales. La iniciativa es organizada por Galdar Eventos.</p>
