{"id":18780,"date":"2026-09-01T17:23:59","date_gmt":"2026-09-01T16:23:59","guid":{"rendered":"https:\/\/nublo.tv\/?post_type=nublo_evento&#038;p=18780"},"modified":"2026-09-01T17:23:59","modified_gmt":"2026-09-01T16:23:59","slug":"entrega-de-la-insignia-de-oro-de-teror-al-regimiento-de-infanteria-canarias-no-50","status":"publish","type":"nublo_evento","link":"https:\/\/nublo.tv\/index.php\/nublo_evento\/entrega-de-la-insignia-de-oro-de-teror-al-regimiento-de-infanteria-canarias-no-50\/","title":{"rendered":"Entrega de la Insignia de Oro de Teror al Regimiento de Infanter\u00eda Canarias n\u00ba 50"},"content":{"rendered":"<p><strong>El 17 de septiembre en Teror: acto institucional donde el Regimiento de Infanter\u00eda Canarias n\u00ba 50 recibir\u00e1 la Insignia de Oro del municipio.<\/strong><\/p>\n<p>La distinci\u00f3n, aprobada en Pleno, se entregar\u00e1 junto al reconocimiento de Hijo Adoptivo de Teror al doctor Juan Antonio Hern\u00e1ndez Navarro.<\/p>\n","protected":false},"excerpt":{"rendered":"<p>El 17 de septiembre en Teror: acto institucional donde el Regimiento de Infanter\u00eda Canarias n\u00ba 50 recibir\u00e1 la Insignia de Oro del municipio. La distinci\u00f3n, aprobada en Pleno, se entregar\u00e1 junto al reconocimiento de Hijo Adoptivo de Teror al doctor Juan Antonio Hern\u00e1ndez Navarro.<\/p>\n","protected":false},"featured_media":0,"template":"","class_list":["post-18780","nublo_evento","type-nublo_evento","status-publish","hentry"],"_links":{"self":[{"href":"https:\/\/nublo.tv\/index.php\/wp-json\/wp\/v2\/nublo_evento\/18780","targetHints":{"allow":["GET"]}}],"collection":[{"href":"https:\/\/nublo.tv\/index.php\/wp-json\/wp\/v2\/nublo_evento"}],"about":[{"href":"https:\/\/nublo.tv\/index.php\/wp-json\/wp\/v2\/types\/nublo_evento"}],"wp:attachment":[{"href":"https:\/\/nublo.tv\/index.php\/wp-json\/wp\/v2\/media?parent=18780"}],"curies":[{"name":"wp","href":"https:\/\/api.w.org\/{rel}","templated":true}]}}

Entrega de la Insignia de Oro de Teror al Regimiento de Infantería Canarias nº 50

<p><strong>El 17 de septiembre en Teror: acto institucional donde el Regimiento de Infantería Canarias nº 50 recibirá la Insignia de Oro del municipio.</strong></p>
<p>La distinción, aprobada en Pleno, se entregará junto al reconocimiento de Hijo Adoptivo de Teror al doctor Juan Antonio Hernández Navarro.</p>

<p>El 17 de septiembre en Teror: acto institucional donde el Regimiento de Infantería Canarias nº 50 recibirá la Insignia de Oro del municipio. La distinción, aprobada en Pleno, se entregará junto al reconocimiento de Hijo Adoptivo de Teror al doctor Juan Antonio Hernández Navarro.</p>
