{"id":19069,"date":"2026-09-02T18:57:41","date_gmt":"2026-09-02T17:57:41","guid":{"rendered":"https:\/\/nublo.tv\/?post_type=nublo_evento&#038;p=19069"},"modified":"2026-09-02T18:57:41","modified_gmt":"2026-09-02T17:57:41","slug":"galdar-organiza-el-7-de-septiembre-unas-jornadas-ambientales-en-los-alrededores-de-la-playa-de-sardina","status":"publish","type":"nublo_evento","link":"https:\/\/nublo.tv\/index.php\/nublo_evento\/galdar-organiza-el-7-de-septiembre-unas-jornadas-ambientales-en-los-alrededores-de-la-playa-de-sardina\/","title":{"rendered":"G\u00e1ldar organiza el 7 de septiembre unas jornadas ambientales en los alrededores de la Playa de Sardina"},"content":{"rendered":"<p>El Ayuntamiento de G\u00e1ldar, a trav\u00e9s de la Concejal\u00eda de Playas, organiza el pr\u00f3ximo lunes, 7 de septiembre, una nueva actividad de sensibilizaci\u00f3n ambiental en los alrededores de la Playa de Sardina con el objetivo de fomentar el respeto y la conservaci\u00f3n del entorno costero. La iniciativa cuenta con la colaboraci\u00f3n de la Fundaci\u00f3n para&#8230;<\/p>\n","protected":false},"excerpt":{"rendered":"<p>El Ayuntamiento de G\u00e1ldar, a trav\u00e9s de la Concejal\u00eda de Playas, organiza el pr\u00f3ximo lunes, 7 de septiembre, una nueva actividad de sensibilizaci\u00f3n ambiental en los alrededores de la Playa de Sardina con el objetivo de fomentar el respeto y la conservaci\u00f3n del entorno costero. La iniciativa cuenta con la colaboraci\u00f3n de la Fundaci\u00f3n para&#8230;<\/p>\n","protected":false},"featured_media":0,"template":"","class_list":["post-19069","nublo_evento","type-nublo_evento","status-publish","hentry"],"_links":{"self":[{"href":"https:\/\/nublo.tv\/index.php\/wp-json\/wp\/v2\/nublo_evento\/19069","targetHints":{"allow":["GET"]}}],"collection":[{"href":"https:\/\/nublo.tv\/index.php\/wp-json\/wp\/v2\/nublo_evento"}],"about":[{"href":"https:\/\/nublo.tv\/index.php\/wp-json\/wp\/v2\/types\/nublo_evento"}],"wp:attachment":[{"href":"https:\/\/nublo.tv\/index.php\/wp-json\/wp\/v2\/media?parent=19069"}],"curies":[{"name":"wp","href":"https:\/\/api.w.org\/{rel}","templated":true}]}}

Gáldar organiza el 7 de septiembre unas jornadas ambientales en los alrededores de la Playa de Sardina

<p>El Ayuntamiento de Gáldar, a través de la Concejalía de Playas, organiza el próximo lunes, 7 de septiembre, una nueva actividad de sensibilización ambiental en los alrededores de la Playa de Sardina con el objetivo de fomentar el respeto y la conservación del entorno costero. La iniciativa cuenta con la colaboración de la Fundación para&#8230;</p>
