{"id":19075,"date":"2026-09-02T18:57:41","date_gmt":"2026-09-02T17:57:41","guid":{"rendered":"https:\/\/nublo.tv\/?post_type=nublo_evento&#038;p=19075"},"modified":"2026-09-02T18:57:41","modified_gmt":"2026-09-02T17:57:41","slug":"nena-daconte-aterriza-en-el-pino-la-noche-de-la-bajada-de-la-virgen-el-5-de-septiembre","status":"publish","type":"nublo_evento","link":"https:\/\/nublo.tv\/index.php\/nublo_evento\/nena-daconte-aterriza-en-el-pino-la-noche-de-la-bajada-de-la-virgen-el-5-de-septiembre\/","title":{"rendered":"Nena Daconte aterriza en El Pino la noche de la Bajada de la Virgen, el 5 de septiembre"},"content":{"rendered":"<p>Antes de su concierto a las 22:30 horas le precede la actuaci\u00f3n \u2018Tributo a Manuel Carrasco\u2019, en la voz de Samuel Tosso, a las 21:00 horas. El programa musical de la Fiesta del Pino presenta el pr\u00f3ximo s\u00e1bado 5 de &#8230; Leer m\u00e1s<\/p>\n","protected":false},"excerpt":{"rendered":"<p>Antes de su concierto a las 22:30 horas le precede la actuaci\u00f3n \u2018Tributo a Manuel Carrasco\u2019, en la voz de Samuel Tosso, a las 21:00 horas. El programa musical de la Fiesta del Pino presenta el pr\u00f3ximo s\u00e1bado 5 de &#8230; Leer m\u00e1s<\/p>\n","protected":false},"featured_media":0,"template":"","class_list":["post-19075","nublo_evento","type-nublo_evento","status-publish","hentry"],"_links":{"self":[{"href":"https:\/\/nublo.tv\/index.php\/wp-json\/wp\/v2\/nublo_evento\/19075","targetHints":{"allow":["GET"]}}],"collection":[{"href":"https:\/\/nublo.tv\/index.php\/wp-json\/wp\/v2\/nublo_evento"}],"about":[{"href":"https:\/\/nublo.tv\/index.php\/wp-json\/wp\/v2\/types\/nublo_evento"}],"wp:attachment":[{"href":"https:\/\/nublo.tv\/index.php\/wp-json\/wp\/v2\/media?parent=19075"}],"curies":[{"name":"wp","href":"https:\/\/api.w.org\/{rel}","templated":true}]}}

<p>Antes de su concierto a las 22:30 horas le precede la actuación ‘Tributo a Manuel Carrasco’, en la voz de Samuel Tosso, a las 21:00 horas. El programa musical de la Fiesta del Pino presenta el próximo sábado 5 de &#8230; Leer más</p>
